{"id":549,"date":"2014-09-01T20:13:29","date_gmt":"2014-09-01T18:13:29","guid":{"rendered":"http:\/\/blog.inumira.de\/?page_id=549"},"modified":"2014-09-28T17:45:37","modified_gmt":"2014-09-28T15:45:37","slug":"verschiedene-fotos","status":"publish","type":"page","link":"https:\/\/news.inumira.de\/?page_id=549","title":{"rendered":"II-Verschiedene Fotos &#8211; Franken"},"content":{"rendered":"<p>Hier werden nach und nach einzelne Ordner mit Bildern hochgeladen. Das nicht das eine oder andere Bild, noch sp\u00e4ter bearbeitet wird und ausgetauscht, m\u00f6chte ich nicht ausschlie\u00dfen. \ud83d\ude00 Viel Spa\u00df<\/p>\n[lg_gallery]\n","protected":false},"excerpt":{"rendered":"<p>Hier werden nach und nach einzelne Ordner mit Bildern hochgeladen. Das nicht das eine oder andere Bild, noch sp\u00e4ter bearbeitet wird und ausgetauscht, m\u00f6chte ich nicht ausschlie\u00dfen. \ud83d\ude00 Viel Spa\u00df [lg_gallery]<\/p>\n","protected":false},"author":1,"featured_media":0,"parent":0,"menu_order":0,"comment_status":"closed","ping_status":"open","template":"","meta":{"ngg_post_thumbnail":0,"footnotes":""},"class_list":["post-549","page","type-page","status-publish",""],"_links":{"self":[{"href":"https:\/\/news.inumira.de\/index.php?rest_route=\/wp\/v2\/pages\/549","targetHints":{"allow":["GET"]}}],"collection":[{"href":"https:\/\/news.inumira.de\/index.php?rest_route=\/wp\/v2\/pages"}],"about":[{"href":"https:\/\/news.inumira.de\/index.php?rest_route=\/wp\/v2\/types\/page"}],"author":[{"embeddable":true,"href":"https:\/\/news.inumira.de\/index.php?rest_route=\/wp\/v2\/users\/1"}],"replies":[{"embeddable":true,"href":"https:\/\/news.inumira.de\/index.php?rest_route=%2Fwp%2Fv2%2Fcomments&post=549"}],"version-history":[{"count":10,"href":"https:\/\/news.inumira.de\/index.php?rest_route=\/wp\/v2\/pages\/549\/revisions"}],"predecessor-version":[{"id":997,"href":"https:\/\/news.inumira.de\/index.php?rest_route=\/wp\/v2\/pages\/549\/revisions\/997"}],"wp:attachment":[{"href":"https:\/\/news.inumira.de\/index.php?rest_route=%2Fwp%2Fv2%2Fmedia&parent=549"}],"curies":[{"name":"wp","href":"https:\/\/api.w.org\/{rel}","templated":true}]}}